. What are the prime factors of o?
5, 331
Let l(a) be the third derivative of -a**4/12 - a**2. Suppose 5*y = -2*n - 20, -n + 1 = -3*y - 0*y. List the prime factors of l(n).
2, 5
Let t = 60 - 46. Suppose -18*o + t*o + 268 = 0. List the prime factors of o.
67
Let v(o) = -18*o - 13. Let x be v(-1). Suppose -x*y = 5*j - 55, 20 = -3*y - y. What are the prime factors of j?
2
Suppose 0*k = -f + 3*k - 21, -4*k - 63 = 3*f. Let t = 10 - f. List the prime factors of t.
31
Let b(g) = -2*g**3 - 9*g + 13. Let h(a) = a**3 + 5*a - 7. Let j(d) = 4*b(d) + 7*h(d). Let v be j(0). Suppose 4*u - v*u - 8 = 0. What are the prime factors of u?
2
Suppose -3*p = -b - 6, -4*b + 18 = 6*p - 4*p. Let d(j) = 3*j**3 - 5*j**2 + 6*j - 2. List the prime factors of d(p).
2, 13
Let d(a) = -5*a**3 + 4*a**2 + 147*a - 6. What are the prime factors of d(-10)?
2, 3, 109
Let i(b) = -5*b**2 + 12*b + 20. Let x be i(7). Let s = x - -358. What are the prime factors of s?
7, 31
Suppose -2*c = -5*c + 45. Suppose 0 = -3*h - c, -h = -4*s - 2*h + 91. Suppose -2*z + s = -28. What are the prime factors of z?
2, 13
What are the prime factors of -3 - -9 - (-513 - (-9 + 1))?
7, 73
Let p = 343 + 127. List the prime factors of p.
2, 5, 47
Let r be 2000/13 - 10/(-65). Suppose 5*m = 136 + r. List the prime factors of m.
2, 29
Let q = -25 - -51. List the prime factors of q.
2, 13
Let a(d) = -d**2 + 16*d - 20. Let s be a(15). Let q(p) = -p**3 - 4*p**2 + 3*p + 7. Let b be q(s). Let n = b + -9. What are the prime factors of n?
2
Let k(h) = 25*h**3 - 2*h**2 - h - 1. List the prime factors of k(2).
3, 7
Let h = -243 - -340. List the prime factors of h.
97
Suppose -l - 26 + 402 = 0. Suppose 4*t + 60 - l = 0. What are the prime factors of t?
79
Let y be 5/20 - (-35)/4. Suppose u = -2*u + y. Suppose 5*r - 28 = u*r. List the prime factors of r.
2, 7
Let v(b) be the second derivative of -31*b**3/6 + b**2/2 + 2*b. Suppose -86*o + 77*o - 9 = 0. List the prime factors of v(o).
2
Suppose -4*x = -12, o + 558 = 4*o + x. What are the prime factors of o?
5, 37
Let j(f) = -f**3 - 10*f**2 - 7*f. Let h be j(-9). List the prime factors of (-96)/h*(25 + -1).
2
Suppose 0 = -11*t + 552 + 42. List the prime factors of (-31 - t)*(-12)/5.
2, 3, 17
Let q(v) be the second derivative of 8*v**3/3 + 3*v**2/2 + 20*v. What are the prime factors of q(4)?
67
Let g = -114 + 117. Suppose -g*k + 5*k = 68. What are the prime factors of k?
2, 17
Suppose -13*c + 19 + 241 = 0. List the prime factors of 2336/22 + c/(-110).
2, 53
Let x(c) = c**3 - 15*c**2 - 14*c - 36. Let m be x(16). What are the prime factors of (m - -3 - -226)*3/9?
3, 5
Suppose -2*b - 8 - 8 = 0. List the prime factors of (0 - -2)/(b/(-20)).
5
Suppose -4*q - 376 = -o, -2*o - o + 1110 = -3*q. What are the prime factors of o?
2, 23
Let l(m) = 0*m**2 - 5*m - 14*m**2 - 19 - m**3 - m**2. List the prime factors of l(-15).
2, 7
Suppose 96 = 3*t - 33. Let m = t + -84. Let p = m - -93. List the prime factors of p.
2, 13
Suppose -34*o - 288 = -58*o. List the prime factors of o.
2, 3
Suppose 4*t + 10 + 2 = 5*b, t - 5*b + 18 = 0. Suppose -t*d + 407 = 3*j, -j + d + 133 = -1. What are the prime factors of j?
3, 5
Suppose 3*l + 4 = 13. Suppose -i = 2*i - l. List the prime factors of 84/3*1/i.
2, 7
Let j = -4 - -6. Suppose -13 = v - 2*p - j*p, 4*p = 16. Suppose -2*f + 5*u + 120 = v*f, 0 = -3*f + 2*u + 71. What are the prime factors of f?
23
Suppose -5*l - 1113 = -9*s + 8*s, 2*s - 2199 = l. What are the prime factors of s?
2, 3, 61
Suppose h + 1172 = 6*h + 2*u, -3*h + 3*u = -720. Let q = h - 113. What are the prime factors of q?
3, 41
Suppose -y - 6*q - 8 = -3*q, 9 = -3*q. Suppose -3*k - 50 = -2*g + 2*k, 0 = 4*g + 3*k - 74. Suppose -y - g = -u. What are the prime factors of u?
3, 7
Suppose -25 = -0*s - 5*s. Suppose 51 = -s*a + 1036. List the prime factors of a.
197
Let t(m) = 236*m**3 + 2*m - 1. What are the prime factors of t(2)?
31, 61
Suppose -4*v - 1025 = v. List the prime factors of v/(-15)*3 + -4.
37
Let i = 864 + -582. What are the prime factors of i?
2, 3, 47
Let a(h) = -h**3 - 5*h**2 + 5*h - 5. Let o be a(-6). Let c be (-1)/o - 50/(-5). What are the prime factors of ((-24)/c)/(1/(-3))?
2
Let g(v) = 6*v**3 - 10*v**2 + 3*v + 75. List the prime factors of g(5).
2, 5, 59
Let r = -22 + 61. Let p = r - 37. What are the prime factors of 1/(-2)*(p - 32)?
3, 5
Let m(i) = 60*i**2 - 3*i + 1. What are the prime factors of m(-2)?
13, 19
Let k be 1*3/(3/1) - -3. Let c(h) = -h + 4*h + 6 - 4. List the prime factors of c(k).
2, 7
What are the prime factors of 8/3*5211/18?
2, 193
Let o(k) = k**2 + 3*k + 2. Let f = 26 - 23. Let g be -4*7/(14/f). What are the prime factors of o(g)?
2, 5
Suppose -2072 = -12*w + 676. List the prime factors of w.
229
Let k(g) = 2*g - 3. Let a be k(15). Let z = a - -6. What are the prime factors of z?
3, 11
Let w(k) = -5*k**3 + 5*k**2 + 14*k + 6. Let r(b) = -4*b**3 + 6*b**2 + 13*b + 5. Let f(m) = 6*r(m) - 5*w(m). What are the prime factors of f(-8)?
2
Suppose 92 = 4*s + 4*a + 8, 5*s - 145 = 3*a. Let y = s - -54. List the prime factors of y.
2, 5
Suppose 2*j + 4*j - 120 = 0. What are the prime factors of (2 - -1)*1 + j - 0?
23
Let w(s) = -11*s**2 + 5*s + 15. Let b be w(-3). Let i = b - -225. What are the prime factors of i?
2, 3, 7
Let q = 306 - 26. List the prime factors of q.
2, 5, 7
Let o(a) = 772*a + 23. List the prime factors of o(1).
3, 5, 53
Let h(i) = -i + 12. Let t be h(9). Suppose 4*q + 2*s = t*q, 2*s = q - 4. What are the prime factors of (-12)/(-9)*(1 + q)?
2
List the prime factors of (3/(-2))/(38834/7768 + -5).
2, 971
Let y = 670 - -61. What are the prime factors of y?
17, 43
Let h = -238 + 239. Suppose -3*m + 29 + 13 = 0. Let v = m - h. What are the prime factors of v?
13
Let q = 233 + -20. List the prime factors of q.
3, 71
Let r = 11 - 13. What are the prime factors of r*(140/(-8) + 2)?
31
Suppose 2*p + 4*p - 12 = 0. Suppose -z - p*z = -213. What are the prime factors of z?
71
Let q = 292 + -48. Suppose 0*h + 46 = j - 2*h, -3*h = -5*j + q. What are the prime factors of j?
2, 5
Let t(l) = -3*l - 3. Let s be t(-1). Suppose 68 = 4*y - 4*u, -u = -3 + 4. Suppose s = -4*p + 20 + y. List the prime factors of p.
3
Let a(o) = -2*o**3 - 4*o**2 + o - 1. Let j be a(-3). Suppose 0 = -8*i + 5*i - 4*m - j, i + 5*m = -1. List the prime factors of (15/i)/(4/(-40)).
5
Let a(h) = 6*h + 25. Let u(t) = -6*t - 25. Let w(x) = -3*a(x) - 4*u(x). List the prime factors of w(16).
11
Let h be 264/(-56) - (-2)/(-7). Let t(m) = -5*m + m**2 + 4 + m**2 + 3*m. List the prime factors of t(h).
2
Let c(j) be the first derivative of -5*j**4/4 - 5*j**3/3 + j**2/2 - 4*j + 28. List the prime factors of c(-4).
2, 29
Let z = -1068 - -2348. What are the prime factors of z?
2, 5
Suppose 7 = -f + 113. Suppose -2*w + 0*q + f = -4*q, 0 = 5*w + q - 276. List the prime factors of w.
5, 11
Suppose -4*q + 6 - 98 = 3*i, 5*q + 3*i + 112 = 0. Let m(g) = -3*g + 11. What are the prime factors of m(q)?
71
Suppose 42*p - 38*p = 4284. What are the prime factors of p?
3, 7, 17
Suppose 5*u = 3*k - 2545, k + 3404 = 5*k - 4*u. List the prime factors of k.
3, 5, 19
Suppose -3*l = 2*y - 6*y + 2314, 2*l + 1156 = 2*y. What are the prime factors of y?
2, 5, 29
Suppose -2*j - 392 = 3*j + 4*m, 0 = -2*m + 4. Let h = j + 120. What are the prime factors of h?
2, 5
Let p(r) = 7*r - 14. Let m be p(4). Suppose -4*h + 4*u - 5*u = -m, 2*h - 4 = -2*u. List the prime factors of h.
2
Suppose 2*o = o + 3*r - 16, 88 = -3*o - r. What are the prime factors of 1/((o/(-632))/7) + 2?
2, 5
Suppose o = p - 12, -5*p - 39 = 2*o - 4*p. Let q = -4 - o. What are the prime factors of q?
13
Suppose 144 = 6*f - 2*f. Suppose w + 3 = -f. List the prime factors of w/6*(-2 + -2).
2, 13
Let y be ((-90)/75)/((-4)/10). Suppose 5*d - 17 = y. List the prime factors of d/30 + (-118)/(-15).
2
Let x(g) = g**3 - 2*g**2 + 11*g + 13. List the prime factors of x(7).
5, 67
Suppose 7*u + 204 = 9*u. Suppose 0 = 3*r + u - 474. Suppose -5*s + s = -r. List the prime factors of s.
31
Suppose d - 10 = -5*u, -5*u + 3*d = -10*u. Suppose q + u*o - 5 = 0, -q - 3*o + 21 = -4*o. Suppose 3*k = c - 5, -5*k = c + 4 - q. List the prime factors of c.
2
Let g be (-20)/15*(2 + (-1)/2). List the prime factors of g/6 + 158/6.
2, 13
Suppose 3*o - 26 = o + 2*t, -o + 4*t = -10. Let r(l) = 0*l + l +